 - 18*a**2 + 10*a + 12. Calculate z(-19).
183
Let o(w) = w**3 - 66*w**2 - 674*w - 128. Give o(75).
-53
Let p(b) = 23*b - 44. Calculate p(12).
232
Let d(n) = n**3 + 24*n**2 + 78*n - 271. Give d(-19).
52
Let a(n) = n**3 + 47*n**2 + 207*n - 19. Determine a(-5).
-4
Let d(z) = 10*z**2 + 553*z - 380. Give d(-56).
12
Let z(f) = -f**3 - 20*f**2 + 105*f + 833. What is z(-23)?
5
Let y(r) = 9*r**3 - 21*r**2 + 4. Give y(2).
-8
Let j(t) = t**2 - 12*t - 730. Determine j(35).
75
Let r(p) = -574*p**2 + 2873*p - 8. What is r(5)?
7
Let w(b) = -2*b**3 + 36*b**2 + 34*b + 65. Calculate w(19).
-11
Let n(v) = -4*v**3 + 402*v**2 - 200*v + 19. Calculate n(100).
19
Let c(m) = -50*m - 15. What is c(3)?
-165
Let x(b) = -b**3 - b**2 + 49*b + 49. Calculate x(-7).
0
Let y(t) = 80*t - 2060. Give y(26).
20
Let y(f) = f**3 + 12*f**2 - 5*f - 19. Determine y(-8).
277
Let n(z) = -6*z**3 - 44*z**2 - 2*z + 77. Determine n(-7).
-7
Let u(r) = -6*r**2 - 122*r + 65. Calculate u(-21).
-19
Let t(d) = -321*d - 43. What is t(0)?
-43
Let m(a) = a**3 - 34*a**2 + 59*a + 145. Calculate m(32).
-15
Let t(b) = 8*b**3 + 3*b**2 - 2*b + 9. Give t(3).
246
Let n(w) = -88*w - 1152. Determine n(-13).
-8
Let y(h) = 9*h + 66. What is y(-11)?
-33
Let z(v) = 42*v + 1399. What is z(-33)?
13
Let p(s) = s**2 + 19*s + 47. Give p(-17).
13
Let b(l) = 5*l**3 + 231*l**2 - 431*l + 42. Give b(-48).
-6
Let f(l) = l**3 + 44*l**2 - 5*l - 118. Give f(-44).
102
Let s(n) = -5*n**2 - 21*n - 156. Give s(-7).
-254
Let p(z) = -65*z - 160. Give p(-7).
295
Let l(k) = 25*k**3 - 5*k**2 + 25*k + 59. Give l(-2).
-211
Let q(y) = -332*y - 991. Determine q(-3).
5
Let l(c) = -17*c + 11. Determine l(8).
-125
Let b(y) = -5*y**3 - y**2 - 20. Determine b(-3).
106
Let m(a) = 2730*a - 2741. Calculate m(1).
-11
Let c(u) = -6*u + 13. Calculate c(-7).
55
Let u(f) = -56*f + 36. Determine u(2).
-76
Let r(d) = -15*d - 937. Determine r(-61).
-22
Let q(p) = 40*p**2 + 307*p + 613. What is q(-2)?
159
Let v(i) = -2*i**2 + 770*i + 31. What is v(0)?
31
Let q(h) = -h**3 - 12*h**2 + 28*h + 38. What is q(-10)?
-442
Let m(x) = -x**3 + 3*x**2 + 80*x + 206. What is m(-4)?
-2
Let u(d) = -227*d - 2490. Give u(-11).
7
Let z(d) = 8*d**3 - 2*d**2 - 9*d + 25. Determine z(3).
196
Let v(f) = f**3 - 21*f**2 - 20*f - 85. Calculate v(22).
-41
Let v(o) = o**3 - 98*o**2 - 91*o - 799. What is v(99)?
-7
Let f(c) = c**3 + 53*c**2 + 530*c + 129. What is f(-13)?
-1
Let d(b) = b**3 - 5*b**2 - 14*b + 2. Determine d(-2).
2
Let h(c) = -c**3 - 93*c**2 - 72*c + 1850. Determine h(-92).
10
Let f(i) = 15*i - 1796. Determine f(127).
109
Let d(w) = -5*w**2 - 48*w + 88. What is d(-11)?
11
Let r(u) = 3*u - 46. Determine r(0).
-46
Let b(a) = a**3 + 29*a**2 + 60*a + 868. What is b(-28)?
-28
Let m(u) = -2*u**2 + 31*u + 163. Calculate m(-13).
-578
Let w(x) = -2*x**3 + 2*x**2 - 8*x - 39. Determine w(-3).
57
Let c(m) = -3*m - 514. Give c(27).
-595
Let r(i) = -60*i + 498. Calculate r(10).
-102
Let d(m) = 4*m**2 + 89*m + 22. What is d(-18)?
-284
Let h(q) = -q**3 + 46*q**2 + 57*q + 12. Calculate h(-1).
2
Let q(c) = -21*c + 446. What is q(-24)?
950
Let i(a) = -58*a + 992. What is i(17)?
6
Let o(x) = -5*x**2 - 152*x - 18. What is o(-30)?
42
Let o(y) = y**3 + 5*y**2 - 34*y + 30. Calculate o(-11).
-322
Let z(s) = -s**2 - 88*s - 1121. Calculate z(-68).
239
Let o(a) = 447*a - 106. What is o(1)?
341
Let l(b) = 398*b + 2780. Calculate l(-7).
-6
Let g(c) = c**2 - 163*c - 17. Give g(0).
-17
Let r(v) = -v**3 - 25*v**2 + 116*v + 25. What is r(-29)?
25
Let r(v) = v**3 - 50*v**2 - 107*v + 214. Calculate r(52).
58
Let w(x) = 16*x + 320. Determine w(-21).
-16
Let o(l) = 2*l**3 + 8*l**2 - 44*l + 3. Calculate o(-7).
17
Let f(i) = i**3 - 36*i**2 - 29*i + 2253. What is f(35)?
13
Let n(w) = -w**2 - 81*w + 4195. Calculate n(36).
-17
Let r(z) = -5198*z + 181937. What is r(35)?
7
Let b(o) = 67*o - 460. Calculate b(7).
9
Let u(y) = 37*y - 4260. What is u(115)?
-5
Let q(o) = 9*o**2 - 66*o + 118. Calculate q(4).
-2
Let c(x) = x**2 + 298*x + 2045. Give c(-7).
8
Let n(k) = 26*k + 237. Determine n(-11).
-49
Let v(h) = -13*h**3 + 26*h**2 - 4*h - 20. Calculate v(1).
-11
Let t(m) = -1003*m + 38118. Give t(38).
4
Let f(z) = -z**3 - 17*z**2 + 223*z - 16. Determine f(9).
-115
Let l(x) = -2*x**2 - 63*x - 273. Calculate l(-26).
13
Let z(l) = l**3 + 15*l**2 - 10*l - 42. Give z(-14).
294
Let j(l) = -8*l - 268. Determine j(-36).
20
Let k(j) = 39*j - 2116. Determine k(55).
29
Let h(o) = 148*o - 1126. What is h(7)?
-90
Let g(f) = -93*f + 1. Calculate g(3).
-278
Let v(w) = -6*w - 167. Calculate v(-8).
-119
Let d(r) = r**3 - 19*r**2 + 43*r - 15. Determine d(2).
3
Let y(m) = 9*m**3 - 7*m**2 - 11*m - 2. Determine y(-2).
-80
Let s(j) = 16*j - 20. Determine s(11).
156
Let q(v) = -v**2 + 422*v - 13172. Give q(34).
20
Let t(o) = 11*o**2 - 231*o - 24. Determine t(21).
-24
Let a(v) = 142*v + 2312. Give a(-17).
-102
Let r(t) = -3*t**3 - 4*t**2 + 18*t - 26. What is r(2)?
-30
Let a(v) = -530*v - 5822. Determine a(-11).
8
Let v(w) = w**3 + 81*w**2 + 132*w + 4156. Determine v(-80).
-4
Let q(w) = -1858*w - 16713. Determine q(-9).
9
Let j(z) = z**2 - 3224*z - 12907. What is j(-4)?
5
Let n(z) = 1712*z - 37657. What is n(22)?
7
Let y(b) = 64*b - 66. Give y(1).
-2
Let p(w) = w**3 - 9*w**2 + 21*w - 214. Determine p(11).
259
Let d(l) = -l**3 - 21*l**2 - 15*l + 43. Calculate d(-6).
-407
Let c(q) = -3*q**3 - 133*q**2 - 43*q + 38. What is c(-44)?
-6
Let v(b) = 7*b**3 - 228*b**2 - 98*b - 32. Calculate v(33).
1
Let k(r) = -23*r - 382. Calculate k(-18).
32
Let q(j) = -j**3 - 3*j**2 + 81*j + 56. Give q(-11).
133
Let u(y) = 13*y + 98. Give u(0).
98
Let u(l) = 2*l**2 + 54*l - 30. Give u(-28).
26
Let r(t) = 187*t + 382. What is r(-2)?
8
Let v(n) = -n**3 - 13*n**2 + 46*n - 29. Give v(-16).
3
Let x(h) = -h**3 + 28*h**2 - 98*h + 48. Calculate x(24).
0
Let g(z) = 6*z**2 + 27*z - 422. Determine g(-11).
7
Let l(z) = z**3 - 23*z**2 + 66*z - 126. What is l(20)?
-6
Let w(b) = 2*b**3 + 32*b**2 + 24*b + 387. Determine w(-16).
3
Let p(g) = -60*g + 24. Determine p(1).
-36
Let s(q) = q**3 - 44*q**2 + 227*q + 28. Calculate s(38).
-10
Let n(r) = -r**3 - 9*r**2 + 2*r + 65. Determine n(-8).
-15
Let x(p) = p**2 + 76*p + 1116. Determine x(-19).
33
Let l(k) = -30*k**2 + 8*k + 300. What is l(-3)?
6
Let p(s) = -7*s**2 - 78*s - 37. Give p(-12).
-109
Let v(b) = 577*b + 5203. Give v(-9).
10
Let t(k) = 2484*k + 2488. Determine t(-1).
4
Let q(r) = r**2 + 12*r + 98. Give q(-12).
98
Let d(p) = 6*p**2 + 124*p + 422. Give d(-16).
-26
Let h(j) = 5*j**2 + 15*j - 47. Calculate h(7).
303
Let s(u) = -103*u - 9495. Calculate s(-93).
84
Let s(v) = 129*v - 1671. Calculate s(12).
-123
Let v(x) = 8*x**2 + 186*x + 911. Determine v(-5).
181
Let n(d) = d**2 + 19*d - 1855. What is n(-54)?
35
Let c(i) = 1052*i - 8407. Give c(8).
9
Let n(g) = 2*g**2 - 77*g + 122. Give n(36).
-58
Let v(p) = -165*p + 11057. Determine v(67).
2
Let a(d) = -40*d - 51. What is a(4)?
-211
Let c(f) = 22*f**2 - 104*f + 124. Determine c(2).
4
Let p(z) = -z**3 - 11*z**2 - 20*z + 33. What is p(-6)?
-27
Let n(t) = 66*t**2 + 7*t - 4. What is n(1)?
69
Let o(z) = -z**3 - 13*z**2 + 33*z - 92. Determine o(-15).
-137
Let h(q) = 3*q**2 + 23*q + 155. What is h(-12)?
311
Let h(o) = 150*o - 443. Give h(3).
7
Let k(v) = 3*v**2 + 6*v - 62. Calculate k(-11).
235
Let g(u) = -u**3 + 31*u**2 - 83*u - 26. Determine g(28).
2
Let l(g) = -2*g**2 + 58*g - 828. What is l(15)?
-408
Let t(v) = v**3 - 45*v**2 + 59*v - 674. What is t(44)?
-14
Let n(f) = 9*f**3 - 21*f**2 + 6*f - 3. Calculate n(2).
-3
Let y(d) = 4*d**3 - 56*d**2 - 86*d - 30. Give y(-1).
-4
Let a(j) = 3*j**2 - 1700*j - 6857. Determine a(-4).
-9
Let y(w) = 2*w**3 + 5*w**2 - 119*w - 91. Give y(7).
7
Let k(w) = -694*w + 46422. Give k(67).
-76
Let t(w) = w**2 + 237*w + 2515. What is t(-11)?
29
Let f(h) = 31*h**2 + 525*h + 97. Calculate f(-17).
131
Let i(v) = -40*v + 553. Determine i(15).
-47
Let y(v) = 132*v**2 - 2775*v + 58. Determine y(21).
-5
Let n(r) = r**2 + 9*r. Give n(-7).
-14
Let c(u) = 407*u + 13020. Calculate c(-32).
-4
Let s(q) = -q**3 - 14*q**2 + 38*q + 102. Give s(-16).
6
Let i(z) = 1973*z + 9865. What is i(-5)?
0
Let d(q) = -1832*q - 14636. What is d(-8)?
20
Let h(n) = n**3 - 6*n**2 - 59*n + 416. Give h(-8).
-8
Let i(a) = 340*a + 1709. Give i(-5).
9
Let p(u) = -133*u - 2131. What is p(-16)?
-3
Let